e ((-126)/(-56))/((-6)/(-80)). Suppose z = -3*n + 207. What is the units digit of n?
9
Suppose 3*w + 5*n = -269, 3*n + 214 = -4*w - 141. Let z = w - -228. What is the units digit of z?
0
Let x be -64*(-2 - 0)*1. What is the tens digit of ((-10)/(-20))/(1/x)?
6
Let v(d) = 10*d - 8. Let g be v(6). Suppose 2*r - g = 16. What is the tens digit of r?
3
Suppose -2*j = 4*f - 9*f + 5685, -3*j = -3*f + 3411. What is the tens digit of f?
3
Let a be 2*2/(-4) - 2/(-1). What is the tens digit of (-111)/(-1)*a/1?
1
Let z(g) = 2*g**2 + g - 2. Let o be z(-3). Let k = o + 59. What is the tens digit of k?
7
Let i(t) = t**2 - 13*t + 15. Let p be i(12). Suppose -5*n - p = -6*n. Suppose -n*u = -u - 38. What is the units digit of u?
9
Suppose 18*w - 5*j - 21900 = 13*w, 8764 = 2*w - j. What is the tens digit of w?
8
Let c(f) = -6*f - 9. Let l be c(-3). What is the units digit of l/12*((-279)/(-3) - -3)?
2
Let g = 4088 - 2895. What is the tens digit of g?
9
Suppose 0 = 14*i - 13095 + 509. What is the tens digit of i?
9
Let t be -2 - ((0 + -2)/(-2) - -39). Let k = -22 - -13. What is the units digit of t/k*(-36)/(-14)?
2
What is the hundreds digit of (-698)/(-6) + 26/(-6) + 3?
1
Suppose 702 + 850 = 2*h. What is the hundreds digit of h?
7
Let n = 26 - 26. Suppose -4*j + 3*o + 259 = 0, n = 3*o + 2*o - 15. What is the tens digit of j?
6
Let c = 186 + -77. Let w = -62 + c. What is the units digit of w?
7
Let w be (-9)/(-3 - (-28)/8). Let n = 78 + w. What is the tens digit of n?
6
Let t = 16 + -23. Let i = t - -4. What is the tens digit of (-18)/12*62/i?
3
Suppose g = -671 + 2107. What is the hundreds digit of g?
4
Let r(a) = 45*a - 11. What is the tens digit of r(8)?
4
Suppose -q + 11*q - 13460 = 0. What is the hundreds digit of q?
3
Suppose 4*m = -4*a + 2206 + 7046, 3*m - 11571 = -5*a. What is the tens digit of a?
1
Let b be (-3 + 3)/(1 - 2). Let v = 3 + b. What is the tens digit of 0 - -24 - 6/v?
2
Let f be 46/6*(0 + 15). Suppose 7*u - 3*u + 3*x = 267, 0 = 4*u + x - 265. Let k = f - u. What is the tens digit of k?
4
Let g(r) = 4*r - 3 - r - 6*r**3 + 5*r**3 + 8*r**2 - 2*r. Let w be g(8). Suppose -w*k - 30 = -95. What is the units digit of k?
3
Let b = -176 + 314. Suppose 8 = -2*o + b. What is the units digit of o?
5
Suppose -4*n = 20, -2*s + n + 71 = 4*n. Suppose 3*r + k + 4*k = s, 3*r = 5*k - 7. Suppose 5*a - 129 = 3*g, 3*a - g = r*a - 69. What is the tens digit of a?
2
Let i(k) = -2460*k - 22. What is the thousands digit of i(-2)?
4
Suppose -p - 798 = 2*p. What is the tens digit of 24/(-40) - p/10?
2
Let j(t) = 39*t**2 - 2. Suppose 10 - 21 = -4*k + 3*m, 3*k + 2*m - 4 = 0. What is the units digit of j(k)?
4
Let n = 96 + -8. Let k = -201 - -203. Suppose 6*o = k*o + n. What is the units digit of o?
2
Suppose 0 = 3*d + 12, -3*r + 4*r - 123 = -2*d. Let c = r - 56. What is the units digit of c?
5
Let s = 1 + 1. Let n(o) = -2*o - 4*o + 3*o**2 - 2*o - 6 + s*o. What is the tens digit of n(-3)?
3
Let r(s) = 3*s**2 - 54*s - 17. Suppose 16 - 236 = -10*v. What is the units digit of r(v)?
7
Let h be -1*(0 + (2 - 3)). Let q be (-2 - -1)*(-17 + h). Suppose i - q = -i. What is the units digit of i?
8
Suppose -4*g - 3*w + 3802 = -w, -4*g + 3827 = -3*w. What is the tens digit of g?
5
What is the tens digit of -172*(-1)/(-3)*(-6)/4?
8
Let f(m) = 2*m**3 - 5*m**2 - m - 12. What is the tens digit of f(5)?
0
Suppose 10 - 22 = 2*o. Let b(q) = 3*q**2 + 6*q. What is the tens digit of b(o)?
7
Suppose -78 = 5*h + 3*y, -5*h - 2*y - 21 - 56 = 0. Let w be 10/h + 10/6. Let k = 2 - w. What is the units digit of k?
1
Let b = 2582 - 1122. What is the hundreds digit of b?
4
Suppose 0 = -5*l + 3*n + 11, 0 = 3*l - 0*l - n - 9. Let o(h) = -3*h**2 + 5*h**2 - 4*h**2 + l*h**2 + 1. What is the tens digit of o(-3)?
1
Let c be 3*((-13)/3 + 4) + -166. Let q = 350 + c. What is the units digit of q?
3
Let h(y) = -14*y**3 + y. Suppose 0 = -m + 15 - 16. What is the tens digit of h(m)?
1
Suppose 1 - 43 = -2*n. Let p = n + -15. Suppose p*o - 8*o = -152. What is the tens digit of o?
7
Let u(f) = 66*f**2 - 2*f - 3. Let n be u(-2). Suppose -4*h - 45 + n = 0. What is the units digit of h?
5
Suppose 0 = 4*a + 1078 - 2554. What is the tens digit of a?
6
Let v(u) = u**3 - 9*u**2 + 15*u - 2. Let h be v(7). Let x(n) = n**3 + 3*n**2 - 3*n - 3. Let t be x(h). Let a = t - 108. What is the tens digit of a?
7
Let a = 110 - 86. Suppose -17*u - 861 = -a*u. What is the tens digit of u?
2
Let f(l) = 1727*l**2 + 5*l - 3. What is the thousands digit of f(1)?
1
What is the units digit of ((-1)/1 - 5/(-10))*-1052?
6
Suppose -3*x + 2*v - 445 + 3125 = 0, 3*v = 2*x - 1785. Suppose n + 8*d = 12*d + 298, 3*n - x = 5*d. What is the units digit of n?
8
Suppose -9 = -5*u + 2*u. What is the tens digit of (-880)/(-12) + (-1)/u?
7
Let j(a) be the second derivative of -a**5/20 + a**4/12 + a**3/6 - 3*a**2/2 + 2*a. Let z be j(2). Let u = 17 + z. What is the tens digit of u?
1
Suppose 7*p - 120 = 2*p. Let d = p - 6. What is the units digit of (-75 + 0)*(-6)/d?
5
Suppose -162*o + 156*o + 7332 = 0. What is the thousands digit of o?
1
Let u = -1294 + 2408. What is the thousands digit of u?
1
Suppose 3*z + 9*z = 8700. What is the hundreds digit of z?
7
Suppose -3*r - 5*p - 8 = -7*r, 10 = 5*r - 4*p. Suppose -c = -r*c + 3. Suppose 22 = 2*n + 5*a, c*n + 34 = 5*n - a. What is the tens digit of n?
1
Let t be 4/26 + (-1062)/(-26). Suppose t + 208 = 4*n + 3*p, -5*p + 121 = 2*n. What is the units digit of n?
3
Suppose 3*g - 21 = g - 3*x, -2*g + x + 9 = 0. Suppose -d - g = -2*l - 0*d, -8 = 4*d. Let z = 5 + l. What is the units digit of z?
7
What is the tens digit of 0 + (20748/(-6))/(-7)?
9
Suppose 3*c - 4*c - 5*x = 5, 4*c - 3 = 3*x. Suppose 20*d - 22*d + 154 = c. What is the tens digit of d?
7
Suppose -3*s + 0 - 30 = 0. Let c be (-11)/55 - 42/s. Let u = c - -12. What is the tens digit of u?
1
Let s(m) be the second derivative of m**6/360 - m**5/15 - m**3/3 - 7*m. Let h(z) be the second derivative of s(z). What is the units digit of h(9)?
9
Suppose -3*c - 2*m + 105 = -7*m, 4*m = -c + 18. What is the hundreds digit of 25/((-9)/(-30)*25/c)?
1
What is the hundreds digit of (-29)/58*(1447*-2 - 0)?
4
Suppose -4 + 16 = -2*l. What is the units digit of 2/(((-1)/1)/291*l)?
7
What is the units digit of 2/10 - (-1842)/15?
3
Let z(w) be the first derivative of 3*w**2 - 2*w + 2. Let m be z(1). What is the tens digit of m/18 + (-1792)/(-36)?
5
Let y(d) = -50*d**3 + 3*d**2 + 4*d - 1. Let n be y(-3). Suppose n = 15*r - 676. What is the hundreds digit of r?
1
Suppose x = -x + 2*n - 44, 0 = -5*x - 3*n - 70. Let h(g) = -2*g - 20. What is the units digit of h(x)?
4
Suppose 0 = -2*n + 11 - 1. Let h = 7 - n. Suppose h*x - 8 = -4*l, -x + 3 - 5 = 0. What is the units digit of l?
3
Let k(w) = 107*w - 14. Let a be k(10). Suppose a = 6*y + 180. What is the hundreds digit of y?
1
Let y(r) = 2*r**2 + 9*r + 13. Let i be y(-4). Suppose 15*v - 510 = i*v. What is the tens digit of v?
8
Let m(a) = 31*a + 1. Let g be m(1). Suppose 31*k - g*k = -84. What is the units digit of k?
4
Suppose -12 = -j - 3*j. Suppose -24 = j*s + 54. What is the units digit of s/(-10) + (-8)/(-20)?
3
Suppose 2*f + 1 = 9. Suppose 4*q + f - 24 = 0. Let s(g) = g**2 - g + 6. What is the tens digit of s(q)?
2
What is the units digit of 10768/(-6)*(-51)/34?
2
Suppose 4927 = 12*y - 3365. What is the hundreds digit of y?
6
Suppose 296 = x + 5*h, -3*h + 2479 = 2*x + 6*x. What is the tens digit of x?
1
Let b(n) = n**3 + 10*n**2 + 3*n + 6. Let j be b(-9). Suppose 0 = -q + j + 51. Let y = q + -75. What is the units digit of y?
6
Suppose -5*w = -u + 404, -189 = 2*w - 5*u - 32. Let g be (-306)/w - (-4)/18. Suppose c - 108 = -4*c + g*l, -2*c - l = -38. What is the tens digit of c?
2
Let z = -63 - -46. Let d = -65 - -39. Let x = z - d. What is the units digit of x?
9
What is the units digit of 2118/54 + 4/(-18)?
9
Let l(i) = -i**3 - 11*i**2 - 16*i + 24. Let c be l(-13). Let a = c + -356. What is the hundreds digit of a?
2
Suppose v + 3*v = 56. What is the tens digit of (-3)/((-45)/70)*396/v?
3
What is the thousands digit of (4 - 43/(-3))/(3/315)?
1
Let f(c) = -25 + 17 + 21*c**2 + 23*c - c**3 - 12*c**2. What is the units digit of f(11)?
3
Let r(x) = -5*x**3 + x**2 - 4*x - 4. Let i(y) = -4*y**3 + y**2 - 4*y - 3. Let n(f) = -2*i(f) + 3*r(f).